 = 3*f + r - 10. Let j = 62 - 41. What is the remainder when j is divided by (84/8)/f*(-16)/2?
9
Suppose -5*u + u = -3*n + 99, -3*u + 46 = n. Let m = n + -7. Suppose -25*y + 49*y + 37*y - 5124 = 0. Calculate the remainder when y is divided by m.
24
Let g be 2/3 - (-11120)/(-12). Let w = -546 - g. Suppose 17*d - w = 7*d. Calculate the remainder when d is divided by 9.
2
Suppose -55*h - 11425 = -63125. What is the remainder when h is divided by 43?
37
Suppose 191*z = 319 + 445. Suppose -l + 11 = -22. Calculate the remainder when (1 - 1/3)*l is divided by z.
2
Let r = 35632 + -35623. Suppose -2*s + 12 = -0. Suppose s*g - g - 15 = 0. Calculate the remainder when r is divided by g.
0
Let d(a) = 9*a + 7. Calculate the remainder when d(4) is divided by (160/(-30) - -6)*2*(6 - -3).
7
Suppose 3*m - 1155 = 3*f, -f = 37 - 41. What is the remainder when 2350 is divided by m?
16
Suppose 0 = 3*s + 14*s - 289. What is the remainder when 217 is divided by s?
13
What is the remainder when 544 is divided by (3/7)/(960/371840)?
46
Suppose 7*z = 20*z - 52. Suppose 2*u - 154 = -5*w, -6*w + z*u = -2*w - 112. Let p(v) = -v + 59. What is the remainder when p(0) is divided by w?
29
Suppose -28*a = -4*a - 3048. Let m = a + -63. What is the remainder when 122 is divided by m?
58
Suppose -60 = 4*l - l. Let t = -662 + 659. Calculate the remainder when 10 is divided by (t + (-55)/l)*(-10 + -2).
1
Let f(k) = 162*k**2 - 1395*k - 26. Calculate the remainder when f(9) is divided by 39.
34
Let j = 56 - 57. Let y = 27 + j. Let g = y + -3. What is the remainder when 32 is divided by g?
9
Suppose -176515 = -104*r + 61*r. What is the remainder when r is divided by 103?
88
Let j = -10 + 16. What is the remainder when 18/45 - (6/4 - (-5328)/(-480)) is divided by j?
4
Suppose -13 = 4*c - 161. Let p(j) = -3*j + 18. Let s be p(4). Suppose -s = 2*x, -x - 11 = -z + 2. What is the remainder when c is divided by z?
7
Let w(s) be the third derivative of s**4/8 - 3*s**3/2 - 8*s**2. Let j be w(3). Suppose p + 0*p - 131 = j. What is the remainder when p is divided by 45?
41
Suppose -m = 2*c - 2455, 0 = 2*c + 5*m - 1791 - 652. What is the remainder when c is divided by 30?
29
Suppose -5*h + 592 = 100 - 68. What is the remainder when 1453 is divided by h?
109
Suppose 37858 = 24*k - 2*k + k. Calculate the remainder when k is divided by 103.
101
Let r(q) = -2*q**2 + 25*q - 3. What is the remainder when 132 is divided by r(7)?
58
Suppose -31732 = 14*p - 32418. Calculate the remainder when 832 is divided by p.
48
Let k be 304/76 + 13 + -1. What is the remainder when 3/8 + 922/k is divided by 22?
14
Suppose -4*j + 704 = 2*b, 5*j + 3*b + 176 - 1055 = 0. What is the remainder when 1235 is divided by j?
173
Let o = 1763 - 1751. Let z = 36 - 22. Let m = z - o. What is the remainder when 4 is divided by m?
0
Suppose -4*l - 486 = 3*v, 5*v = 7*v - 4. Let q = 118 + l. Let f(h) = -h**3 + 4*h + 2. What is the remainder when f(q) is divided by 30?
17
Suppose -574 = -3*b + 572. Let o(f) = -576*f - 23600. What is the remainder when b is divided by o(-41)?
14
Let i(p) = 25*p + 13*p + 18 - 10*p. Calculate the remainder when i(0) is divided by 14.
4
Suppose 2*w - 4*w - 24 = 0. Let d be 3/w + 25/20. Calculate the remainder when 32 is divided by (((-1)/(-4))/d)/(3/204).
15
Suppose u + 5*i = 83, -5*u - 542*i = -537*i - 475. Suppose 0*l - 4*l = -204. Calculate the remainder when u is divided by l.
47
Suppose b + 341 = 4*b - 4*f, 5*b = -4*f + 547. Let z = 122 - b. Calculate the remainder when 63 is divided by z.
8
What is the remainder when 977 is divided by 16/((-16)/(-255)) + 7 - -1?
188
Let c be (2*1/(-2))/(8/3896). Let v = c + 506. What is the remainder when v is divided by (-1)/(-2) + (-9)/(-2)?
4
Let k(l) = 11*l**2 - 2*l + 7. Let s be k(9). Let y = s + -872. Calculate the remainder when (-142)/3*(-3)/2 is divided by y.
7
Let h be ((-1)/3)/(3/(-27)). Suppose -h*z = t - 23, 4*t - 3*z = -7*z + 116. What is the remainder when 90 + 2 - (-15 - -17) is divided by t?
26
Suppose 118*h + 39*h - 3611 = 0. Let i = 14 - 10. Suppose -228 = u - 3*u + 2*r, 3*r = -i*u + 442. Calculate the remainder when u is divided by h.
20
Suppose -c = 4*p - 63, 0 = -5*p - 77*c + 76*c + 78. What is the remainder when 85 is divided by p?
10
Let a(p) = p**2 + 64*p + 176. Calculate the remainder when a(-82) is divided by 92.
88
Calculate the remainder when ((-2)/(-12))/((-537)/(-2622708)) is divided by 101.
6
Let c = 21390 - 21373. What is the remainder when 4020 is divided by c?
8
Let h(j) = -2*j**3 + 43*j**2 + 118*j + 86. Calculate the remainder when 799 is divided by h(24).
1
Let n(l) = l**2 + l - 1. Let v be n(-10). Let u = v - 78. Calculate the remainder when u is divided by 9.
2
Let d(x) = 52*x - 44. Let q be d(5). Suppose 25 = -5*k, -3*k = -3*n - 2*k + 947. Let a = n - q. Calculate the remainder when a is divided by 25.
23
Calculate the remainder when (-129)/86 + 1218/4 - -2 is divided by 181.
124
Let c = -5 + 38. Suppose -3*w - 3*g = 6, -4*w + 2*g + 2 = -2. Suppose -4*i + 39 + c = w. Calculate the remainder when i is divided by 5.
3
Suppose 2*p + 182 = -c + 703, 0 = 5*c - 25. Calculate the remainder when p is divided by 53.
46
Suppose 2*w + 5*q = 4*q + 364, 5*w + q = 898. What is the remainder when w is divided by 63?
52
Let z(n) = -87*n - 2746. What is the remainder when z(-35) is divided by 59?
4
Calculate the remainder when 920 is divided by (-1*1)/((-6)/(-6 - -432)).
68
Let h(d) = 2*d**3 + 302*d**2 + 308*d + 1231. Calculate the remainder when 472 is divided by h(-150).
7
Let o(y) = y**2 - 4*y + 79. Let p be o(-23). Suppose -4*l + 4*w + p = 0, 4*l + 3*w = 5*l - 169. What is the remainder when l is divided by 30?
28
Calculate the remainder when ((-64)/(-5))/(-20 + (-606)/(-30)) is divided by ((-35)/28)/((-2)/56).
29
What is the remainder when 480 is divided by (17/(-3))/((-10)/(-36)*(-270)/900)?
4
Let l = -3377 - -3414. Calculate the remainder when 426 is divided by l.
19
Let o(t) = -3*t**3 - 14*t**2 - 133*t + 1. Calculate the remainder when o(-6) is divided by 15.
13
Suppose 6*v = v + 110. Suppose 0 = 3*z - 105*m - 765, 255 = 8*z - 5*z - 3*m. Calculate the remainder when z is divided by v.
14
Suppose z - 5 = -1. Suppose 4*q - 5*d = 81, -z*q - 2*d + 91 + 11 = 0. Suppose -100 = -q*c + 20*c. What is the remainder when 48 is divided by c?
23
Let n(k) = k**3 - 32*k**2 + 218*k + 53. Suppose s = 3*s. Suppose 2*b = -2*d + 5*b + 77, s = -2*d - b + 65. What is the remainder when d is divided by n(22)?
7
Let l(i) = 14*i**3 + 2*i**2 - 15*i**3 - 13 + 0*i**2 + 4*i + 3*i**2. Calculate the remainder when 131 is divided by l(4).
17
Suppose -3*h + 12 = 4*z - 1448, 2*z - h - 730 = 0. Calculate the remainder when ((-2)/5)/2 + 135488/z is divided by 17.
14
Let q = 104 - -54. Calculate the remainder when q is divided by ((-3516)/24 - -3)*(240/(-175) - (-12)/15).
76
Let v(g) = -10*g - 12. Let o be -174 - (-2)/8*4. Let c = o - -200. Calculate the remainder when v(-9) is divided by c.
24
Let g = -351 + 385. Calculate the remainder when -2*2/16 - (-533)/4 is divided by g.
31
Suppose 0*u - 6*f = -3*u + 1116, -2*f + 1124 = 3*u. Calculate the remainder when u is divided by 99.
77
Suppose 4*f - 58954 - 27358 = -4*f. Calculate the remainder when f is divided by 109.
107
Let z = 595 - 588. Suppose 357 = -z*a + 14*a. Calculate the remainder when 90 is divided by a.
39
Let i = 3259 + -3216. Let a = -331 - -500. Calculate the remainder when a is divided by i.
40
Let k(h) = h**3 - 5*h**2 + 6. Let f be k(5). Suppose f*w - 8*w - 2*q + 50 = 0, 0 = 4*w + q - 97. What is the remainder when w is divided by 5?
4
Suppose -57*r = -180*r + 6187 - 1882. Calculate the remainder when 663 is divided by r.
33
Let o(p) = 4*p**2 + 6*p - 4. Let d be o(-5). Let i(r) = -r**2 - 42*r - 49. Let n be i(-38). Let l = n - d. Calculate the remainder when 145 is divided by l.
34
Let y(m) = 10*m**2 + 20*m + 48. Calculate the remainder when 100 is divided by y(-3).
22
Suppose -20 = 4*r, v + 5*r + 73 = -2*v. Calculate the remainder when 8 is divided by 2*(40/28)/(v/(-28)).
3
Let u = 3465 - 3417. Calculate the remainder when u is divided by 29.
19
Let z(y) = y**2 + 6*y + 35. Let h be z(-11). Let u = -85 + h. What is the remainder when 47 is divided by u?
2
Suppose 0 = 16*b + 15*b - 29667. Suppose -20*